{"id":4109,"date":"2024-11-16T15:43:15","date_gmt":"2024-11-16T14:43:15","guid":{"rendered":"https:\/\/matulewiczpaslek.pl\/?post_type=tribe_events&#038;p=4109"},"modified":"2024-11-16T15:43:15","modified_gmt":"2024-11-16T14:43:15","slug":"dzien-cecylianski","status":"publish","type":"tribe_events","link":"https:\/\/matulewiczpaslek.pl\/index.php\/event\/dzien-cecylianski\/","title":{"rendered":"Dzie\u0144 Cecylia\u0144ski"},"content":{"rendered":"<p>&nbsp;<\/p>\n<h5 style=\"text-align: center;\">W pi\u0105tek 22. listopada\u00a0 b\u0119dziemy obchodzi\u0107 wspomnienie \u015bw. Cecylii, kt\u00f3ra jest patronk\u0105 wszystkich zajmuj\u0105cych si\u0119 muzyk\u0105 ko\u015bcieln\u0105.<\/h5>\n<h5 style=\"text-align: center;\">Dlatego w tym dniu po wieczornej Mszy \u015bw. do salki parafialnej serdecznie zapraszamy na spotkanie i pocz\u0119stunek zar\u00f3wno wszystkich, kt\u00f3rym na sercu le\u017cy \u015bpiew i granie w naszym ko\u015bciele.<\/h5>\n<h5 style=\"text-align: center;\">Zapraszamy cz\u0142onk\u00f3w ch\u00f3ru Adoramus, scholii dzieci\u0119cej, zespo\u0142u Przebudzenie, pana Organist\u0119 i wszystkich, kt\u00f3rzy wspieraj\u0105 nas swoim \u015bpiewem.<\/h5>\n","protected":false},"excerpt":{"rendered":"<p>Zapraszamy cz\u0142onk\u00f3w ch\u00f3ru Adoramus, scholii dzieci\u0119cej, zespo\u0142u Przebudzenie, pana Organist\u0119 i wszystkich, kt\u00f3rzy wspieraj\u0105 nas swoim \u015bpiewem.<\/p>\n","protected":false},"author":1,"featured_media":4110,"template":"","meta":{"_tribe_events_status":"","_tribe_events_status_reason":"","footnotes":"","_links_to":"","_links_to_target":""},"tags":[],"tribe_events_cat":[66],"class_list":["post-4109","tribe_events","type-tribe_events","status-publish","has-post-thumbnail","hentry","tribe_events_cat-parafialne","cat_parafialne"],"_links":{"self":[{"href":"https:\/\/matulewiczpaslek.pl\/index.php\/wp-json\/wp\/v2\/tribe_events\/4109","targetHints":{"allow":["GET"]}}],"collection":[{"href":"https:\/\/matulewiczpaslek.pl\/index.php\/wp-json\/wp\/v2\/tribe_events"}],"about":[{"href":"https:\/\/matulewiczpaslek.pl\/index.php\/wp-json\/wp\/v2\/types\/tribe_events"}],"author":[{"embeddable":true,"href":"https:\/\/matulewiczpaslek.pl\/index.php\/wp-json\/wp\/v2\/users\/1"}],"version-history":[{"count":1,"href":"https:\/\/matulewiczpaslek.pl\/index.php\/wp-json\/wp\/v2\/tribe_events\/4109\/revisions"}],"predecessor-version":[{"id":4111,"href":"https:\/\/matulewiczpaslek.pl\/index.php\/wp-json\/wp\/v2\/tribe_events\/4109\/revisions\/4111"}],"wp:featuredmedia":[{"embeddable":true,"href":"https:\/\/matulewiczpaslek.pl\/index.php\/wp-json\/wp\/v2\/media\/4110"}],"wp:attachment":[{"href":"https:\/\/matulewiczpaslek.pl\/index.php\/wp-json\/wp\/v2\/media?parent=4109"}],"wp:term":[{"taxonomy":"post_tag","embeddable":true,"href":"https:\/\/matulewiczpaslek.pl\/index.php\/wp-json\/wp\/v2\/tags?post=4109"},{"taxonomy":"tribe_events_cat","embeddable":true,"href":"https:\/\/matulewiczpaslek.pl\/index.php\/wp-json\/wp\/v2\/tribe_events_cat?post=4109"}],"curies":[{"name":"wp","href":"https:\/\/api.w.org\/{rel}","templated":true}]}}

Dzień Cecyliański

<p>&nbsp;</p>
<h5 style="text-align: center;">W piątek 22. listopada  będziemy obchodzić wspomnienie św. Cecylii, która jest patronką wszystkich zajmujących się muzyką kościelną.</h5>
<h5 style="text-align: center;">Dlatego w tym dniu po wieczornej Mszy św. do salki parafialnej serdecznie zapraszamy na spotkanie i poczęstunek zarówno wszystkich, którym na sercu leży śpiew i granie w naszym kościele.</h5>
<h5 style="text-align: center;">Zapraszamy członków chóru Adoramus, scholii dziecięcej, zespołu Przebudzenie, pana Organistę i wszystkich, którzy wspierają nas swoim śpiewem.</h5>

<p>Zapraszamy członków chóru Adoramus, scholii dziecięcej, zespołu Przebudzenie, pana Organistę i wszystkich, którzy wspierają nas swoim śpiewem.</p>
