{"id":3589,"date":"2023-05-07T17:05:01","date_gmt":"2023-05-07T15:05:01","guid":{"rendered":"https:\/\/matulewiczpaslek.pl\/?post_type=tribe_events&#038;p=3589"},"modified":"2026-04-26T22:42:42","modified_gmt":"2026-04-26T20:42:42","slug":"nabozenstwo-majowe","status":"publish","type":"tribe_events","link":"https:\/\/matulewiczpaslek.pl\/index.php\/event\/nabozenstwo-majowe\/","title":{"rendered":"Nabo\u017ce\u0144stwo Majowe"},"content":{"rendered":"<p style=\"text-align: center;\"><strong>Rozpoczynamy maryjny miesi\u0105c \u2013 maj.<\/strong> Codziennie b\u0119dziemy gromadzi\u0107 si\u0119 wok\u00f3\u0142 o\u0142tarza na Eucharystii i na nabo\u017ce\u0144stwie majowym. W szkole Maryi uczmy si\u0119 ca\u0142kowitego oddania Bogu i braciom.<\/p>\n<p>&nbsp;<\/p>\n<h5 style=\"text-align: center;\"><strong>W naszym ko\u015bciele nabo\u017ce\u0144stwo majowe b\u0119dziemy celebrowali: \u00a0<\/strong><\/h5>\n<h5 style=\"text-align: center;\"><span style=\"color: #0000ff;\"><strong>od poniedzia\u0142ku do soboty<\/strong><\/span><br \/>\no godz. 17.30<\/h5>\n<h5 style=\"text-align: center;\"><span style=\"color: #00ccff;\"><strong>w niedziel\u0119 <\/strong><\/span><br \/>\no godz. 15.30<\/h5>\n<p style=\"text-align: center;\">Zadbajmy te\u017c o wizerunki Maryi w naszych domach i w przydro\u017cnych kapliczkach. Rodzinnie gromad\u017amy si\u0119 przy nich na \u015bpiewanie Litanii loreta\u0144skiej, pie\u015bni maryjnych, na r\u00f3\u017caniec.<\/p>\n<p>&nbsp;<\/p>\n","protected":false},"excerpt":{"rendered":"<p>Zach\u0119camy parafian do licznego udzia\u0142u w nabo\u017ce\u0144stwach majowych.<\/p>\n","protected":false},"author":1,"featured_media":3590,"template":"","meta":{"_tribe_events_status":"","_tribe_events_status_reason":"","footnotes":"","_links_to":"","_links_to_target":""},"tags":[],"tribe_events_cat":[65],"class_list":["post-3589","tribe_events","type-tribe_events","status-publish","has-post-thumbnail","hentry","tribe_events_cat-nabozenstwo","cat_nabozenstwo"],"_links":{"self":[{"href":"https:\/\/matulewiczpaslek.pl\/index.php\/wp-json\/wp\/v2\/tribe_events\/3589","targetHints":{"allow":["GET"]}}],"collection":[{"href":"https:\/\/matulewiczpaslek.pl\/index.php\/wp-json\/wp\/v2\/tribe_events"}],"about":[{"href":"https:\/\/matulewiczpaslek.pl\/index.php\/wp-json\/wp\/v2\/types\/tribe_events"}],"author":[{"embeddable":true,"href":"https:\/\/matulewiczpaslek.pl\/index.php\/wp-json\/wp\/v2\/users\/1"}],"version-history":[{"count":6,"href":"https:\/\/matulewiczpaslek.pl\/index.php\/wp-json\/wp\/v2\/tribe_events\/3589\/revisions"}],"predecessor-version":[{"id":4429,"href":"https:\/\/matulewiczpaslek.pl\/index.php\/wp-json\/wp\/v2\/tribe_events\/3589\/revisions\/4429"}],"wp:featuredmedia":[{"embeddable":true,"href":"https:\/\/matulewiczpaslek.pl\/index.php\/wp-json\/wp\/v2\/media\/3590"}],"wp:attachment":[{"href":"https:\/\/matulewiczpaslek.pl\/index.php\/wp-json\/wp\/v2\/media?parent=3589"}],"wp:term":[{"taxonomy":"post_tag","embeddable":true,"href":"https:\/\/matulewiczpaslek.pl\/index.php\/wp-json\/wp\/v2\/tags?post=3589"},{"taxonomy":"tribe_events_cat","embeddable":true,"href":"https:\/\/matulewiczpaslek.pl\/index.php\/wp-json\/wp\/v2\/tribe_events_cat?post=3589"}],"curies":[{"name":"wp","href":"https:\/\/api.w.org\/{rel}","templated":true}]}}

Nabożeństwo Majowe

<p style="text-align: center;"><strong>Rozpoczynamy maryjny miesiąc – maj.</strong> Codziennie będziemy gromadzić się wokół ołtarza na Eucharystii i na nabożeństwie majowym. W szkole Maryi uczmy się całkowitego oddania Bogu i braciom.</p>
<p>&nbsp;</p>
<h5 style="text-align: center;"><strong>W naszym kościele nabożeństwo majowe będziemy celebrowali:  </strong></h5>
<h5 style="text-align: center;"><span style="color: #0000ff;"><strong>od poniedziałku do soboty</strong></span><br />
o godz. 17.30</h5>
<h5 style="text-align: center;"><span style="color: #00ccff;"><strong>w niedzielę </strong></span><br />
o godz. 15.30</h5>
<p style="text-align: center;">Zadbajmy też o wizerunki Maryi w naszych domach i w przydrożnych kapliczkach. Rodzinnie gromadźmy się przy nich na śpiewanie Litanii loretańskiej, pieśni maryjnych, na różaniec.</p>
<p>&nbsp;</p>

<p>Zachęcamy parafian do licznego udziału w nabożeństwach majowych.</p>
