{"id":2903,"date":"2022-10-01T16:06:40","date_gmt":"2022-10-01T16:06:40","guid":{"rendered":"http:\/\/matulewiczpaslek.pl\/?page_id=2903"},"modified":"2022-10-18T22:56:39","modified_gmt":"2022-10-18T20:56:39","slug":"krag-biblijny","status":"publish","type":"page","link":"https:\/\/matulewiczpaslek.pl\/index.php\/krag-biblijny\/","title":{"rendered":"Kr\u0105g biblijny"},"content":{"rendered":"<p>[vc_row background_image_size=&#8221;&#8221; disable_background_image=&#8221;&#8221; css=&#8221;.vc_custom_1664640486904{padding-top: 109px !important;padding-bottom: 63px !important;background-position: center !important;background-repeat: no-repeat !important;background-size: cover !important;}&#8221; simple_background_image=&#8221;1186&#8243;][vc_column css=&#8221;.vc_custom_1566902941587{padding-top: 0px !important;}&#8221; offset=&#8221;vc_col-lg-6&#8243;][vc_empty_space height=&#8221;33px&#8221;]<div class=\"eltdf-elements-holder   eltdf-one-column  eltdf-responsive-mode-768 \" ><div class=\"eltdf-eh-item    \"  data-item-class=\"eltdf-eh-custom-3455\" data-1400-1600=\"22px 12% 0 8.8%\" data-1025-1399=\"22px 3% 0 18.6%\" data-769-1024=\"22px 39% 0 11.6%\" data-681-768=\"22px 85px 0\" data-680=\"22px 38px 0\">\n\t<div class=\"eltdf-eh-item-inner\">\n\t\t<div class=\"eltdf-eh-item-content eltdf-eh-custom-3455\" style=\"padding: 22px 17% 0 26.6%\">\n\t\t\t<div class=\"eltdf-section-title-holder  \" >\n\t<div class=\"eltdf-st-inner\">\n\t\t\t\t\t<div class=\"eltdf-st-tagline\" >\n\t\t\t\tNieznajomo\u015b\u0107 Pisma \u015awi\u0119tego jest nieznajomo\u015bci\u0105 Chrystusa\t\t\t<\/div>\n\t\t\t\t\t\t\t<h3 class=\"eltdf-st-title\" >\n\t\t\t\tKr\u0105g biblijny\t\t\t<\/h3>\n\t\t\t\t\t\t\t<div class=\"eltdf-st-subtitle\" >\n\t\t\t\tS\u0142owo Bo\u017ce, zawarte w Pi\u015bmie \u015awi\u0119tym, to niesamowite bogactwo Ko\u015bcio\u0142a. Poznawanie tego S\u0142owa pozwala otworzy\u0107 si\u0119 na G\u0142os Bo\u017cy, kt\u00f3ry pragnie przemawia\u0107 w naszych sercach. Na spotkaniach szko\u0142y biblijnej pragniemy zg\u0142\u0119bia\u0107 S\u0142owa Pisma \u015awi\u0119tego wraz z Tradycj\u0105, w jakiej jest przekazywane, kieruj\u0105c w ten spos\u00f3b nasze my\u015bli i serca ku Bogu. Opiekunem grupy jest ks. Przemys\u0142aw Demski.\t\t\t<\/div>\n\t\t\t\t\t\t\t<p class=\"eltdf-st-text\" style=\"color: #0a0a0a;font-weight: 700\">\n\t\t\t\tSpotkania odbywaj\u0105 si\u0119 w salce na plebanii w ka\u017cdy pi\u0105tek, po Mszy \u015bwi\u0119tej wieczornej o godz. 19:00. Opiekunem Kr\u0119gu Biblijnego jest ks. Jerzy Cholewi\u0144ski. Zapraszamy wszystkich ch\u0119tnych.\t\t\t<\/p>\n\t\t\t\t\t<\/div>\n<\/div>\t\t<\/div>\n\t<\/div>\n<\/div><\/div>[\/vc_column][vc_column css=&#8221;.vc_custom_1566902947830{padding-top: 0px !important;}&#8221; offset=&#8221;vc_col-lg-6&#8243;]<div class=\"eltdf-elements-holder   eltdf-one-column  eltdf-responsive-mode-768 \" ><div class=\"eltdf-eh-item    \"  data-item-class=\"eltdf-eh-custom-6360\" data-1400-1600=\"45px 0 0 7%\" data-1025-1399=\"0% 0 0 6%\" data-681-768=\"0 0 12px 15%\" data-680=\"0 0 40px 9.5%\">\n\t<div class=\"eltdf-eh-item-inner\">\n\t\t<div class=\"eltdf-eh-item-content eltdf-eh-custom-6360\" style=\"padding: 0 0 0 17%\">\n\t\t\t[vc_single_image image=&#8221;2904&#8243; img_size=&#8221;504&#215;491&#8243;]\t\t<\/div>\n\t<\/div>\n<\/div><\/div>[\/vc_column][\/vc_row]<\/p>\n","protected":false},"excerpt":{"rendered":"<p>[vc_row background_image_size=&#8221;&#8221; disable_background_image=&#8221;&#8221; css=&#8221;.vc_custom_1664640486904{padding-top: 109px !important;padding-bottom: 63px !important;background-position: center !important;background-repeat: no-repeat !important;background-size: cover !important;}&#8221; simple_background_image=&#8221;1186&#8243;][vc_column css=&#8221;.vc_custom_1566902941587{padding-top: 0px !important;}&#8221; offset=&#8221;vc_col-lg-6&#8243;][vc_empty_space height=&#8221;33px&#8221;][\/vc_column][vc_column css=&#8221;.vc_custom_1566902947830{padding-top: 0px !important;}&#8221; offset=&#8221;vc_col-lg-6&#8243;][\/vc_column][\/vc_row]<\/p>\n","protected":false},"author":1,"featured_media":0,"parent":0,"menu_order":0,"comment_status":"closed","ping_status":"closed","template":"full-width.php","meta":{"footnotes":"","_links_to":"","_links_to_target":""},"class_list":["post-2903","page","type-page","status-publish","hentry"],"_links":{"self":[{"href":"https:\/\/matulewiczpaslek.pl\/index.php\/wp-json\/wp\/v2\/pages\/2903","targetHints":{"allow":["GET"]}}],"collection":[{"href":"https:\/\/matulewiczpaslek.pl\/index.php\/wp-json\/wp\/v2\/pages"}],"about":[{"href":"https:\/\/matulewiczpaslek.pl\/index.php\/wp-json\/wp\/v2\/types\/page"}],"author":[{"embeddable":true,"href":"https:\/\/matulewiczpaslek.pl\/index.php\/wp-json\/wp\/v2\/users\/1"}],"replies":[{"embeddable":true,"href":"https:\/\/matulewiczpaslek.pl\/index.php\/wp-json\/wp\/v2\/comments?post=2903"}],"version-history":[{"count":9,"href":"https:\/\/matulewiczpaslek.pl\/index.php\/wp-json\/wp\/v2\/pages\/2903\/revisions"}],"predecessor-version":[{"id":3281,"href":"https:\/\/matulewiczpaslek.pl\/index.php\/wp-json\/wp\/v2\/pages\/2903\/revisions\/3281"}],"wp:attachment":[{"href":"https:\/\/matulewiczpaslek.pl\/index.php\/wp-json\/wp\/v2\/media?parent=2903"}],"curies":[{"name":"wp","href":"https:\/\/api.w.org\/{rel}","templated":true}]}}